088 is divided by 102?
98
What is the remainder when 1260274 is divided by 5340?
34
What is the remainder when 11675412 is divided by 2335079?
17
What is the remainder when 128250133 is divided by 42750037?
22
Calculate the remainder when 1439867 is divided by 479819.
410
Calculate the remainder when 16690 is divided by 2011.
602
What is the remainder when 144431 is divided by 1681?
1546
Calculate the remainder when 223454 is divided by 2067.
218
What is the remainder when 4247157 is divided by 2123575?
7
What is the remainder when 851550 is divided by 18922?
60
What is the remainder when 10462 is divided by 338?
322
Calculate the remainder when 149100 is divided by 21298.
14
Calculate the remainder when 129224 is divided by 64035.
1154
Calculate the remainder when 17587916 is divided by 168.
164
Calculate the remainder when 4546734 is divided by 38.
34
Calculate the remainder when 15217481 is divided by 14.
13
What is the remainder when 40464899 is divided by 150?
149
Calculate the remainder when 210357795 is divided by 302.
299
Calculate the remainder when 98189 is divided by 374.
201
What is the remainder when 130768 is divided by 5151?
1993
Calculate the remainder when 6318604 is divided by 33430.
334
Calculate the remainder when 13884936 is divided by 41.
40
What is the remainder when 3725145 is divided by 266081?
11
Calculate the remainder when 1540876 is divided by 193.
157
Calculate the remainder when 200151 is divided by 49978.
239
Calculate the remainder when 1049810 is divided by 273.
125
Calculate the remainder when 414770 is divided by 1073.
592
Calculate the remainder when 1614014 is divided by 859.
812
What is the remainder when 986902 is divided by 3696?
70
What is the remainder when 1057427 is divided by 1057404?
23
Calculate the remainder when 2499478 is divided by 368.
22
What is the remainder when 22026081 is divided by 2786?
2751
What is the remainder when 238058 is divided by 118988?
82
What is the remainder when 641897 is divided by 1037?
1031
What is the remainder when 31153551 is divided by 332?
331
What is the remainder when 19385967 is divided by 3230989?
33
Calculate the remainder when 22709 is divided by 2750.
709
What is the remainder when 12597849 is divided by 17?
16
Calculate the remainder when 4853190 is divided by 173328.
6
Calculate the remainder when 153314197 is divided by 5.
2
What is the remainder when 18054060 is divided by 10358?
66
Calculate the remainder when 14719733 is divided by 3440.
3413
Calculate the remainder when 1578968 is divided by 263155.
38
Calculate the remainder when 51101 is divided by 257.
215
Calculate the remainder when 1751093 is divided by 72962.
5
What is the remainder when 16155 is divided by 8046?
63
What is the remainder when 435261 is divided by 72535?
51
What is the remainder when 115539 is divided by 1521?
1464
What is the remainder when 1348629 is divided by 5373?
6
What is the remainder when 900372 is divided by 917?
795
Calculate the remainder when 810160 is divided by 16869.
448
What is the remainder when 12091 is divided by 263?
256
Calculate the remainder when 5631986 is divided by 704.
690
What is the remainder when 795665 is divided by 1536?
17
Calculate the remainder when 23537697 is divided by 213979.
7
Calculate the remainder when 22754414 is divided by 10713.
2
What is the remainder when 846277 is divided by 421?
67
What is the remainder when 103774811 is divided by 24?
11
Calculate the remainder when 73886 is divided by 1004.
594
Calculate the remainder when 2461072 is divided by 27961.
504
What is the remainder when 139001464 is divided by 1745?
1744
Calculate the remainder when 223444 is divided by 6203.
136
What is the remainder when 717546862 is divided by 341?
340
Calculate the remainder when 105318484 is divided by 52659229.
26
Calculate the remainder when 22390 is divided by 438.
52
Calculate the remainder when 45948418 is divided by 331.
322
Calculate the remainder when 83481 is divided by 20706.
657
What is the remainder when 495622 is divided by 495571?
51
Calculate the remainder when 30854949 is divided by 156624.
21
What is the remainder when 125575 is divided by 66?
43
Calculate the remainder when 1572091 is divided by 98247.
139
What is the remainder when 9738987 is divided by 268?
135
Calculate the remainder when 16986884 is divided by 14.
12
What is the remainder when 34052594 is divided by 2347?
2318
Calculate the remainder when 95410 is divided by 8577.
1063
What is the remainder when 391598 is divided by 6?
2
Calculate the remainder when 97394093 is divided by 302.
301
Calculate the remainder when 89484 is divided by 286.
252
What is the remainder when 475343 is divided by 83?
2
Calculate the remainder when 2849743 is divided by 5387.
20
Calculate the remainder when 59327 is divided by 557.
285
What is the remainder when 115694 is divided by 38543?
65
What is the remainder when 1890880 is divided by 14217?
19
What is the remainder when 428749 is divided by 17149?
24
What is the remainder when 2418093 is divided by 4955?
53
What is the remainder when 223140 is divided by 17073?
1191
What is the remainder when 26096 is divided by 2169?
68
Calculate the remainder when 4028379 is divided by 1342709.
252
What is the remainder when 444085162 is divided by 577?
574
Calculate the remainder when 191855 is divided by 96.
47
Calculate the remainder when 466643 is divided by 917.
807
Calculate the remainder when 5099614 is divided by 72.
70
Calculate the remainder when 101919 is divided by 603.
12
Calculate the remainder when 149796 is divided by 2874.
348
Calculate the remainder when 151841 is divided by 2109.
2102
Calculate the remainder when 338894 is divided by 499.
73
What is the remainder when 2287054 is divided by 1868?
622
What is the remainder when 234484 is divided by 2276?
56
What is the remainder when 69892 is divided by 6762?
2272
What is the remainder when 2870332 is divided by 841?
840
What is the remainder when 3448264 is divided by 224?
8
Calculate the remainder when 2987023 is divided by 7.
4
What is the remainder when 654734 is divided by 15581?
332
What is the remainder when 11706 is divided by 3898?
12
Calculate the remainder when 1434827 is divided by 23.
18
Calculate the remainder when 58313027 is divided by 4485617.
6
What is the remainder when 51575 is divided by 924?
755
What is the remainder when 2616966 is divided by 89?
10
Calculate the remainder when 206258 is divided by 1011.
14
Calculate the remainder when 232965 is divided by 100.
65
Calculate the remainder when 72379896 is divided by 24126622.
30
What is the remainder when 663049 is divided by 11262?
9853
Calculate the remainder when 1461058 is divided by 97319.
1273
Calculate the remainder when 191575 is divided by 15963.
19
Calculate the remainder when 188309 is divided by 3789.
2648
What is the remainder when 10347589 is divided by 3449143?
160
What is the remainder when 4157 is divided by 1407?
1343
What is the remainder when 13377 is divided by 1453?
300
Calculate the remainder when 1248584 is divided by 1884.
1376
Calculate the remainder when 28868 is divided by 9033.
1769
What is the remainder when 49628100 is divided by 2871?
2865
What is the remainder when 14709756 is divided by 13324?
60
What is the remainder when 521899785 is divided by 796?
793
What is the remainder when 69965 is divided by 146?
31
What is the remainder when 62479 is divided by 254?
249
Calculate the remainder when 3153578 is divided by 450499.
85
What is the remainder when 25228026 is divided by 9323?
9311
What is the remainder when 6222572 is divided by 23841?
71
Calculate the remainder when 957817 is divided by 478908.
1
Calculate the remainder when 2995282 is divided by 10.
2
What is the remainder when 23252 is divided by 562?
210
Calculate the remainder when 512958 is divided by 247.
186
What is the remainder when 4225300 is divided by 80?
20
Calculate the remainder when 90911 is divided by 15139.
77
What is the remainder when 671104 is divided by 1682?
1668
Calculate the remainder when 198396272 is divided by 15.
2
What is the remainder when 819416 is divided by 7517?
63
Calculate the remainder when 2142342 is divided by 1289.
24
What is the remainder when 592627 is divided by 680